{"id":99,"date":"2017-01-08T20:00:17","date_gmt":"2017-01-08T20:00:17","guid":{"rendered":"http:\/\/wordpress.fluechtlingshilfe-leidersbach.de\/?page_id=99"},"modified":"2017-10-04T16:30:37","modified_gmt":"2017-10-04T16:30:37","slug":"spenden","status":"publish","type":"page","link":"http:\/\/fluechtlingshilfe-leidersbach.de\/?page_id=99","title":{"rendered":"Spenden"},"content":{"rendered":"<p style=\"text-align: left;\"><strong>Geldspenden<\/strong><\/p>\n<p style=\"text-align: left;\"><strong><br \/>\n<\/strong>Mit einer Geldspende unterst\u00fctzen Sie unsere Vereinsarbeit, weil wir uns bei der Vereinsgr\u00fcndung bewusst f\u00fcr einen geringen Mitgliedsbeitrag entschieden haben, da sich unsere Mitglieder schon sehr stark ehrenamtlich engagieren und wir ihre finanzielle Belastung gering halten wollen.<\/p>\n<p style=\"text-align: left;\">Jedoch haben wir Kosten zu tragen, wie beispielsweise die Anschaffung von Materialien f\u00fcr Deutschunterricht und Integrationskurse, Raummieten, Versicherungsbeitr\u00e4ge, Kosten f\u00fcr die Weiterbildung der ehrenamtlichen Helfer oder den Betrieb dieser Webpr\u00e4senz usw. Das ist im Einzelnen zwar nicht viel, aber Kleinvieh macht bekanntlicherweise auch Mist\u2026<\/p>\n<p style=\"text-align: left;\"><strong>Wir alle freuen uns \u00fcber jede (auch kleine) Spende zur Finanzierung unserer ehrenamtlichen T\u00e4tigkeit f\u00fcr die Leidersbacher Fl\u00fcchtlinge!<\/strong><\/p>\n<p style=\"text-align: left;\">Da wir vom Finanzamt als gemeinn\u00fctzig anerkannt sind, sind Spenden an uns steuerlich voll absetzbar. Wenn Sie uns einen Geldbetrag \u00fcber 200 Euro \u00fcberweisen m\u00f6chten, setzen Sie sich bitte mit uns in Verbindung. <a href=\"mailto:vorstandschaft@fluechtlingshilfe-leidersbach.de\">vorstandschaft@fluechtlingshilfe-leidersbach.de<\/a> Wir werden Ihnen anschlie\u00dfend unaufgefordert eine Spendenquittung zusenden. Bei einer Spendenh\u00f6he unter 200 Euro gen\u00fcgt der Kontoauszug als Spendennachweis.<\/p>\n<p style=\"text-align: left;\">Raiffeisenbank Aschaffenburg eG<\/p>\n<p style=\"text-align: left;\">Bankleitzahl: 795 625 14<br \/>\nKontonummer: 3835 642<br \/>\nIBAN: DE05 795 625 14 000 3835 642<\/p>\n<p style=\"text-align: left;\"><strong>Sachspenden:<\/strong><\/p>\n<p style=\"text-align: left;\">Die in der Gemeinde untergebrachten Familien k\u00f6nnen sich selbst versorgen und m\u00fcssen gottseidank keine Not\u00a0leiden. Falls einmal besondere Dinge ben\u00f6tigt werden, nutzen wir unser Forum um darauf hinzuweisen.<\/p>\n<p style=\"text-align: left;\">Jedch haben wir immer wieder mal Bedarf an Dingen f\u00fcr die Gemeinschaft aller Bewohner, oder f\u00fcr die Erleichterung unserer ehrenamtlichen Arbeit, wie z.B. Werkzeug oder Ersatzteile f\u00fcr die Fahrradwerkstatt, Schultafeln, Drucker f\u00fcr Gemeinschafts-PCs in den Unterk\u00fcnften, Gartenger\u00e4te, Fahrr\u00e4der usw.<\/p>\n<p style=\"text-align: left;\">Falls Sie\u00a0<strong>gut erhaltene<\/strong>\u00a0Sachspenden haben, bringen sie sie bitte\u00a0<strong>nicht<\/strong>\u00a0direkt in die Unterk\u00fcnfte! Sie wissen nicht, ob sie tats\u00e4chlich gebraucht werden und ob sie die Personen erhalten, die sie wirklich brauchen. Bitte lassen sie es uns in diesem Fall wissen (<a href=\"mailto:spenden@fluechtlingshilfe-leidersbach.de\">spenden@fluechtlingshilfe-leidersbach.de<\/a>).<\/p>\n<p style=\"text-align: left;\"><strong>Vielen Dank!<\/strong><\/p>\n","protected":false},"excerpt":{"rendered":"<p>Geldspenden Mit einer Geldspende unterst\u00fctzen Sie unsere Vereinsarbeit, weil wir uns bei der Vereinsgr\u00fcndung bewusst f\u00fcr einen geringen Mitgliedsbeitrag entschieden haben, da sich unsere Mitglieder schon sehr stark ehrenamtlich engagieren und wir ihre finanzielle Belastung gering halten wollen. Jedoch haben wir Kosten zu tragen, wie beispielsweise die Anschaffung von Materialien f\u00fcr Deutschunterricht und Integrationskurse, Raummieten, &hellip; <a href=\"http:\/\/fluechtlingshilfe-leidersbach.de\/?page_id=99\" class=\"more-link\"><span class=\"screen-reader-text\">\u201eSpenden\u201c<\/span> weiterlesen<\/a><\/p>\n","protected":false},"author":1,"featured_media":0,"parent":0,"menu_order":0,"comment_status":"closed","ping_status":"closed","template":"","meta":[],"_links":{"self":[{"href":"http:\/\/fluechtlingshilfe-leidersbach.de\/index.php?rest_route=\/wp\/v2\/pages\/99"}],"collection":[{"href":"http:\/\/fluechtlingshilfe-leidersbach.de\/index.php?rest_route=\/wp\/v2\/pages"}],"about":[{"href":"http:\/\/fluechtlingshilfe-leidersbach.de\/index.php?rest_route=\/wp\/v2\/types\/page"}],"author":[{"embeddable":true,"href":"http:\/\/fluechtlingshilfe-leidersbach.de\/index.php?rest_route=\/wp\/v2\/users\/1"}],"replies":[{"embeddable":true,"href":"http:\/\/fluechtlingshilfe-leidersbach.de\/index.php?rest_route=%2Fwp%2Fv2%2Fcomments&post=99"}],"version-history":[{"count":8,"href":"http:\/\/fluechtlingshilfe-leidersbach.de\/index.php?rest_route=\/wp\/v2\/pages\/99\/revisions"}],"predecessor-version":[{"id":307,"href":"http:\/\/fluechtlingshilfe-leidersbach.de\/index.php?rest_route=\/wp\/v2\/pages\/99\/revisions\/307"}],"wp:attachment":[{"href":"http:\/\/fluechtlingshilfe-leidersbach.de\/index.php?rest_route=%2Fwp%2Fv2%2Fmedia&parent=99"}],"curies":[{"name":"wp","href":"https:\/\/api.w.org\/{rel}","templated":true}]}}