{"id":328,"date":"2018-05-15T19:50:30","date_gmt":"2018-05-15T19:50:30","guid":{"rendered":"http:\/\/wordpress.fluechtlingshilfe-leidersbach.de\/?page_id=328"},"modified":"2022-03-14T15:11:32","modified_gmt":"2022-03-14T15:11:32","slug":"datenschutz","status":"publish","type":"page","link":"http:\/\/fluechtlingshilfe-leidersbach.de\/?page_id=328","title":{"rendered":"Datenschutz"},"content":{"rendered":"<p style=\"font-weight: 400;\">Sehr geehrte Webseitenbesucher,<br \/>\nwir m\u00f6chten Sie mit dieser Datenschutzerkl\u00e4rung in allgemeiner, transparenter und verst\u00e4ndlicher Form dar\u00fcber informieren, wie wir den Umgang mit Ihren personenbezogenen Daten in unserem Verein gem\u00e4\u00df der Datenschutz-Grundverordnung (kurz: DS-GVO) gew\u00e4hrleisten.<\/p>\n<p style=\"font-weight: 400;\">In dieser Datenschutzerkl\u00e4rung erfahren Sie, welche Daten von uns erfasst werden, zu welchen Zwecken wir die Daten erfassen und was mit den erfassten Daten passiert. Da dies wichtig ist, sollten Sie sich die Zeit nehmen, unsere Datenschutzerkl\u00e4rung sorgf\u00e4ltig zu lesen.<\/p>\n<ol>\n<li style=\"font-weight: 400;\"><span style=\"font-weight: 400;\">Eine Nutzung unserer Internetseite<\/span><b>\u00a0www.fluechtlingshilfe-leidersbach.de\u00a0<\/b>ist grunds\u00e4tzlich ohne jegliche Angabe personenbezogener Daten wie (Vorname, Nachname etc.) m\u00f6glich. Insofern Sie (betroffene Person) jedoch \u00fcber unsere Internetseite einen Service oder eine Dienstleistung in Anspruch nehmen m\u00f6chten, k\u00f6nnen personenbezogene Daten erforderlich werden. Ist die Verarbeitung personenbezogener Daten erforderlich z.B. durch folgende Zwecke:<\/li>\n<\/ol>\n<p style=\"font-weight: 400;\">eines Kommentars,<\/p>\n<p style=\"font-weight: 400;\">mit abgabe eines Kommentars geben Sie uns generell Ihre Einwilligung gem\u00e4\u00df Art. 6 Abs. 1 S. 1 lit. a DS-GVO zur Datenverarbeitung.<\/p>\n<ol start=\"2\">\n<li style=\"font-weight: 400;\">Erfassung allgemeiner Daten (Logfiles)<\/li>\n<li style=\"font-weight: 400;\">a) Beim Aufrufen unserer Website werden automatisch Informationen an den Server unserer Website gesendet. Diese Informationen werden tempor\u00e4r in einem sog. Logfile gespeichert. Folgende Informationen werden hierbei ohne Ihr Zutun erfasst und bis zur automatisierten L\u00f6schung gespeichert:<br \/>\n&#8211; Die Internet-Protokoll-Adresse (IP-Adresse) des anfragenden Rechners,<br \/>\n&#8211; Datum und Uhrzeit des Zugriffs,<br \/>\n&#8211; Name und URL der abgerufenen Datei,<br \/>\n&#8211; die zuvor besuchte Internetseite (sogenannte Referrer),<br \/>\n&#8211; verwendeter Browser und ggf. das Betriebssystem Ihres Rechners,<br \/>\n&#8211; der Name Ihres Internet-Service-Providers sowie<br \/>\n&#8211; sonstige \u00e4hnliche Daten und Informationen, die der Gefahrenabwehr im Falle von Angriffen auf unsere informationstechnologischen Systeme dienen<\/li>\n<li style=\"font-weight: 400;\">b) Die unter Ziff. 2 a) genannten Daten werden durch uns zu folgenden Zwecken verarbeitet:<br \/>\n&#8211; Gew\u00e4hrleistung eines reibungslosen Verbindungsaufbaus der Website,<br \/>\n&#8211; Gew\u00e4hrleistung einer komfortablen Nutzung unserer Website,<br \/>\n&#8211; Auswertung der Systemsicherheit und -stabilit\u00e4t sowie<br \/>\n&#8211; zu weiteren administrativen Zwecken.<\/li>\n<\/ol>\n<p style=\"font-weight: 400;\">Die Rechtsgrundlage f\u00fcr diese Datenverarbeitung ergibt sich aus Art. 6 Abs. 1 S. 1 lit. f DS-GVO. Unser berechtigtes Interesse folgt aus den unter Ziff. 2 b) genannten Zwecken zur Datenerhebung. In keinem Fall verwenden wir die erhobenen Daten zu dem Zweck, R\u00fcckschl\u00fcsse auf Ihre Person zu ziehen.<\/p>\n<ol start=\"3\">\n<li style=\"font-weight: 400;\">Erhebung und Speicherung personenbezogener Daten sowie Art und Zweck von deren Verwendung<\/li>\n<li style=\"font-weight: 400;\">a) Einwilligung zur Verarbeitung von personenbezogenen Daten<br \/>\nJegliche Einwilligungen zur Verarbeitung Ihrer personenbezogenen Daten geben Sie:<br \/>\nFreiwillig, 2. Informiert,3. Eindeutig und 4. Mit Widerrufbarkeit (f\u00fcr die Zukunft) ab.<\/li>\n<li style=\"font-weight: 400;\">Weitergabe von Daten<br \/>\nEine \u00fcbermittlung Ihrer personenbezogenen Daten an Dritte zu anderen als den im Folgenden aufgef\u00fchrten Zwecken findet nicht statt. Wir geben Ihre pers\u00f6nlichen Daten nur an Dritte weiter, wenn:<br \/>\n&#8211; Sie Ihre nach Art. 6 Abs. 1 S. 1 lit. a DS-GVO ausdr\u00fcckliche Einwilligung dazu erteilt haben,<br \/>\n&#8211; die Weitergabe nach Art. 6 Abs. 1 S. 1 lit. f DS-GVO zur Geltendmachung von Anspr\u00fcchen erforderlich ist und kein Grund zur Annahme besteht, dass Sie ein \u00fcberwiegendes schutzw\u00fcrdiges Interesse an der Nichtweitergabe Ihrer Daten haben,<br \/>\n&#8211; f\u00fcr den Fall, dass f\u00fcr die Weitergabe nach Art. 6 Abs. 1 S. 1 lit. c DS-GVO eine gesetzliche Verpflichtung besteht, sowie<br \/>\n&#8211; dies gesetzlich zul\u00e4ssig und nach Art. 6 Abs. 1 S. 1 lit. b DS-GVO f\u00fcr die Abwicklung von Vertragsverh\u00e4ltnissen mit Ihnen erforderlich ist.<\/li>\n<li style=\"font-weight: 400;\">Rechte der betroffenen Person (Betroffenenrechte)<br \/>\nSie haben das Recht gem\u00e4\u00df Art. 15 DS-GVO Auskunft \u00fcber Ihre von uns verarbeiteten personenbezogenen Daten zu verlangen. Insbesondere k\u00f6nnen Sie Auskunft \u00fcber<br \/>\na) die Verarbeitungszwecke;<br \/>\nb) die Kategorien personenbezogener Daten, die verarbeitet werden;<br \/>\nc) die Kategorien von Empf\u00e4ngern, gegen\u00fcber denen Ihre Daten offengelegt wurden oder werden;<br \/>\nd) die geplante Speicherdauer;<br \/>\ne), das Bestehen eines Rechts auf Berichtigung, L\u00f6schung, Einschr\u00e4nkung der Verarbeitung oder Widerspruchs;<br \/>\nf) das Bestehen eines Beschwerderechts bei einer Aufsichtsbeh\u00f6rde;<br \/>\ng) die Herkunft ihrer Daten, sofern diese nicht bei uns erhoben wurden, sowie<br \/>\nh) das Bestehen einer automatisierten Entscheidungsfindung einschlie\u00dflich Profilingzu verlangen;.<\/li>\n<\/ol>\n<p style=\"font-weight: 400;\">Ferner steht der betroffenen Person ein Auskunftsrecht dar\u00fcber zu, ob personenbezogene Daten an ein Drittland oder an eine internationale Organisation \u00fcbermittelt wurden.<\/p>\n<p style=\"font-weight: 400;\">Dies geschieht manuell aber auf keinen Fall, und kann auch durch den Administrator dieser Seite nicht beeinflusst werden, da Sie mit Abgabe eines Kommentars und Ihres Namen dies ver\u00f6ffentlichen.<\/p>\n<ol start=\"6\">\n<li style=\"font-weight: 400;\">Recht auf Berichtigung (Art. 16 DS-GVO)<br \/>\nDie betroffene Person hat das Recht, von dem Verantwortlichen unverz\u00fcglich die Berichtigung sie betreffender unrichtiger personenbezogener Daten zu verlangen. Unter Ber\u00fccksichtigung der Zwecke der Verarbeitung hat die betroffene Person das Recht, die Vervollst\u00e4ndigung unvollst\u00e4ndiger personenbezogener Daten &#8211; auch mittels einer erg\u00e4nzenden Erkl\u00e4rung &#8211; zu verlangen.<\/li>\n<li style=\"font-weight: 400;\">Recht auf L\u00f6schung (&#8220;Recht auf Vergessenwerden&#8221;) Art. 17 DS-GVO<br \/>\nDie L\u00f6schung Ihrer bei uns gespeicherten personenbezogenen Daten zu verlangen, soweit nicht die Verarbeitung zur Erf\u00fcllung einer rechtlichen Verpflichtung, aus Gr\u00fcnden des \u00f6ffentlichen Interesses oder zur Geltendmachung, Aus\u00fcbung oder Verteidigung von Rechtsanspr\u00fcchen erforderlich ist.<br \/>\nIhre Recht auf L\u00f6schung beinhaltet:<br \/>\na) Die personenbezogenen Daten sind f\u00fcr die Zwecke, f\u00fcr die sie erhoben oder auf sonstige Weise verarbeitet wurden, nicht mehr notwendig.<br \/>\nb) Die betroffene Person widerruft ihre Einwilligung, auf die sich die Verarbeitung gem\u00e4\u00dfArtikel 6Absatz 1 Buchstabe a oder\u00a0<a href=\"https:\/\/dsgvo-gesetz.de\/art-9-dsgvo\/\">Artikel 9<\/a>\u00a0Absatz 2 Buchstabe a st\u00fctzte, und es fehlt an einer anderweitigen Rechtsgrundlage f\u00fcr die Verarbeitung.<br \/>\nc) Die betroffene Person legt gem\u00e4\u00df\u00a0Artikel 21\u00a0Absatz 1 Widerspruch gegen die Verarbeitung ein und es liegen keine vorrangigen berechtigten Gr\u00fcnde f\u00fcr die Verarbeitung vor, oder die betroffene Person legt gem\u00e4\u00df\u00a0Artikel 21\u00a0Absatz 2<br \/>\nWiderspruch gegen die Verarbeitung ein.<br \/>\nd) Die personenbezogenen Daten wurden unrechtm\u00e4\u00dfig verarbeitet.<br \/>\ne) Die L\u00f6schung der personenbezogenen Daten ist zur Erf\u00fcllung einer rechtlichen Verpflichtung nach dem Unionsrecht oder dem Recht der Mitgliedstaaten erforderlich, dem der Verantwortliche unterliegt.<br \/>\nf) Die personenbezogenen Daten wurden in Bezug auf angebotene Dienste der Informationsgesellschaft gem\u00e4\u00df Artikel 8 Absatz 1 erhoben.<\/li>\n<li style=\"font-weight: 400;\">Recht auf Einschr\u00e4nkung der Verarbeitung (Art. 18 DS-GVO)<br \/>\nDie Einschr\u00e4nkung der Verarbeitung Ihrer personenbezogenen Daten zu verlangen, soweit die Richtigkeit der Daten von Ihnen bestritten wird, die Verarbeitung unrechtm\u00e4\u00dfig ist, Sie aber deren L\u00f6schung ablehnen und wir die Daten nicht mehr ben\u00f6tigen, Sie jedoch diese zur Geltendmachung, Aus\u00fcbung oder Verteidigung von Rechtsanspr\u00fcchen ben\u00f6tigen oder Sie gem\u00e4\u00df Art. 21 DS-GVO Widerspruch gegen die Verarbeitung eingelegt haben;<\/li>\n<li style=\"font-weight: 400;\"><span style=\"font-weight: 400;\"><span style=\"font-weight: 400;\">Recht auf Daten\u00fcbertragbarkeit (Art. 20 DS-GVO)<br \/>\nIhre personenbezogenen Daten, die Sie uns bereitgestellt haben, in einem strukturierten, g\u00e4ngigen und maschinenlesebaren Format zu erhalten oder die \u00fcbermittlung an einen anderen Verantwortlichen zu verlangen;<\/span><\/span>10. Bedingungen f\u00fcr die Einwilligung (Art. 7 Abs. 3 DS-GVO)<br \/>\nDie betroffene Person hat das Recht, ihre Einwilligung jederzeit zu widerrufen. Durch den Widerruf der Einwilligung wird die Rechtm\u00e4\u00dfigkeit der aufgrund der Einwilligung bis zum Widerruf erfolgten Verarbeitung nicht ber\u00fchrt. Die betroffene Person wird vor Abgabe der Einwilligung hiervon in Kenntnis gesetzt. Der Widerruf der Einwilligung muss so einfach wie die Erteilung der Einwilligung sein. M\u00f6chten Sie vom Widerruf der Einwilligung Gebrauch machen, gen\u00fcgt eine E-Mail an<\/p>\n<p><b>\u00a0admin(at)fluechtlingshilfe-leidersbach.de<\/b><\/li>\n<li style=\"font-weight: 400;\">Widerspruchsrecht (Art. 21 DS GVO)<br \/>\nSofern Ihre personenbezogenen Daten auf Grundlage von berechtigten Interessen gem\u00e4\u00df Art. 6 Abs. 1 S. 1 lit. f DSGVO verarbeitet werden, haben Sie das Recht, gem\u00e4\u00df Art. 21 DS GVO Widerspruch gegen die Verarbeitung Ihrer personenbezogenen Daten einzulegen, soweit daf\u00fcr Gr\u00fcnde vorliegen, die sich aus Ihrer besonderen Situation ergeben oder sich der Widerspruch gegen Direktwerbung richtet. Im letzteren Fall haben Sie ein generelles Widerspruchsrecht, das ohne Angabe einer besonderen Situation von uns umgesetzt wird. M\u00f6chten Sie von Ihrem Widerrufs- oder Widerspruchsrecht Gebrauch machen, gen\u00fcgt eine E-Mail an\u00a0<b>admin(at)fluechtlingshilfe-leidersbach.de<\/b><\/li>\n<li style=\"font-weight: 400;\">Recht auf Beschwerde bei einer Aufsichtsbeh\u00f6rde(Art. 77 DS-GVO)<br \/>\nJede betroffene Person hat unbeschadet eines anderweitigen verwaltungsrechtlichen oder gerichtlichen Rechtsbehelfs das Recht auf Beschwerde bei einer Aufsichtsbeh\u00f6rde, insbesondere in dem Mitgliedstaat ihres Aufenthaltsorts, ihres Arbeitsplatzes oder des Orts des mutma\u00dflichen Versto\u00dfes, wenn die betroffene Person der Ansicht ist, dass die Verarbeitung der sie betreffenden personenbezogenen Daten gegen diese Verordnung verst\u00f6\u00dft.<br \/>\nIn der Regel k\u00f6nnen Sie sich hierf\u00fcr an die Aufsichtsbeh\u00f6rde Ihres \u00fcblichen Aufenthaltsortes oder Arbeitsplatzes wenden.<\/li>\n<\/ol>\n<p style=\"font-weight: 400;\">M\u00f6chte eine betroffene Person Ihre Rechte wahrnehmen, kann sie sich jederzeit an unseren Datenschutzbeauftragten oder einen anderen Mitarbeiter des f\u00fcr die Verarbeitung Verantwortlichen wenden, siehe Ziffer 18.<\/p>\n<ol start=\"13\">\n<li style=\"font-weight: 400;\">Sicherheit der Verarbeitung (Art. 32 DS-GVO)<br \/>\nZum Schutz Ihrer personenbezogenen Daten vor unberechtigtem Zugriff oder Missbrauch haben wir umfangreiche technische- und organisatorische Ma\u00dfnahmen, Sicherheitsvorkehrungen getroffen. Unsere Sicherheitsverfahren werden regelm\u00e4\u00dfig \u00fcberpr\u00fcft und dem technologischen Fortschritt angepasst. Unsere Mitarbeiter sind im Datenschutz geschult und zur Geheimhaltung und zur Wahrung des Datenschutzes verpflichtet.<br \/>\nUnsere Datenschutzgrunds\u00e4tze sind hierbei die Gew\u00e4hrleistung der:<br \/>\n1. Vertraulichkeit,<br \/>\n2. Integrit\u00e4t,<br \/>\n3. Verf\u00fcgbarkeit und Belastbarkeit<br \/>\nder Systeme und Dienste im Zusammenhang mit der Verarbeitung auf Dauer sicherzustellen.<\/li>\n<\/ol>\n<p style=\"font-weight: 400;\">Des Weiteren sind unsere Mitarbeiter im Datenschutz geschult und zur Geheimhaltung und zur Wahrung des Datenschutzes verpflichtet.<\/p>\n<ol start=\"14\">\n<li style=\"font-weight: 400;\">Cookies<br \/>\nUm unseren Internetauftritt f\u00fcr Sie benutzerfreundlich zu gestalten und optimal auf Ihre Bed\u00fcrfnisse abzustimmen, setzen wir Cookies ein. Ein Cookie ist eine kleine Textdatei, die lokal auf Ihrem Notebook, Tablet, Smartphone etc. gespeichertwird.Dies bedeutet jedoch nicht, dass wir dadurch unmittelbar Kenntnis von Ihrer Identit\u00e4t erhalten.\u00a0So setzen wir\u00a0z.B.\u00a0sogenannte Session-Cookies ein, um zu erkennen, dass Sie einzelne Seiten unserer Website bereits besucht haben. Diese werden nach Verlassen unserer\u00a0Webseite automatisch gel\u00f6scht. Ihr Browser bietet auch eine Funktion an, Cookies zu l\u00f6schen (z.B. \u00fcber Browserdaten l\u00f6schen). Weitere Informationen dazu finden Sie in der Bedienungsanleitung bzw. in der Regel unter Einstellungen Ihres Internet-Browsers.\u00a0Die durch Cookies verarbeiteten Daten sind f\u00fcr die genannten Zwecke zur Wahrung unserer berechtigten Interessen sowie der Dritter nach Art. 6 Abs. 1 S. 1 lit. f DS-GVO erforderlich.<\/li>\n<\/ol>\n<p style=\"font-weight: 400;\">Bei jedem Zugriff auf unsere Webseite werden Daten \u00fcber diesen Vorgang in einer Protokolldatei gespeichert. Diese Daten sind nicht personenbezogen; wir k\u00f6nnen also nicht nachvollziehen, welcher Nutzer welche Daten abgerufen hat. Im Einzelnen wird \u00fcber jeden Abruf folgender Datensatz gespeichert:<\/p>\n<p style=\"font-weight: 400;\">&#8211;\u00a0Name der abgerufenen Datei,<br \/>\n&#8211; Datum und Uhrzeit des Abrufs,<br \/>\n&#8211; \u00fcbertragene Datenmenge,<br \/>\n&#8211; Meldung, ob der Abruf erfolgreich war<\/p>\n<p style=\"font-weight: 400;\">Des Weiteren haben Sie die M\u00f6glichkeit Cookies im gesamten Browser zu deaktivieren oder zu verwalten.<\/p>\n<p style=\"font-weight: 400;\"><a href=\"https:\/\/support.google.com\/accounts\/answer\/61416?hl=de\">https:\/\/support.google.com\/accounts\/answer\/61416?hl=de<\/a><\/p>\n<p style=\"font-weight: 400;\"><a href=\"https:\/\/support.mozilla.org\/de\/kb\/cookies-erlauben-und-ablehnen\">https:\/\/support.mozilla.org\/de\/kb\/cookies-erlauben-und-ablehnen<\/a><\/p>\n<p style=\"font-weight: 400;\"><a href=\"https:\/\/support.microsoft.com\/de-de\/help\/17442\/windows-internet-explorer-delete-manage-cookies#ie=ie-11\">https:\/\/support.microsoft.com\/de-de\/help\/17442\/windows-internet-explorer-delete-manage-cookies#ie=ie-11<\/a><\/p>\n<p><a href=\"https:\/\/help.opera.com\/Windows\/10.00\/en\/cookies.html\">https:\/\/help.opera.com\/Windows\/10.00\/en\/cookies.html<\/a><\/p>\n<ol start=\"15\">\n<li>Verwendete &#8211; Analyse-Tools<br \/>\nWir verzichten auf den Einsatz von Analysewerkzeugen bzw. Tracking-Methoden.<\/li>\n<li>Name und Anschrift des f\u00fcr die Verarbeitung Verantwortlichen<br \/>\nVerantwortlicher im Sinne der DS-GVO ist.<\/li>\n<\/ol>\n<p>Fl\u00fcchtlingshilfe Leidersbach<br \/>\nHauptstra\u00dfe 118<br \/>\n63849 Leidersbach<\/p>\n<p>Vertreten durch:<\/p>\n<p>Volker R\u00fcppel<br \/>\nJ\u00f6rg Frie\u00df<\/p>\n<p>Kontakt:<br \/>\n<strong>admin(at)fluechtlingshilfe-leidersbach.de<\/strong><\/p>\n<p>Aufgrund unserer Vereinsgr\u00f6\u00dfe sind wir nicht verpflichtet einen Datenschutzbeauftragten zu berufen.<\/p>\n<p>Zust\u00e4ndige Datenschutzbeh\u00f6rde<\/p>\n<p>Landesamt f\u00fcr Datenschutzaufsicht, Promenade 27, 91522 Ansbach<\/p>\n<p>Tel.: 0981\/53-1300, Fax: 0981\/53-981300<\/p>\n<p><a href=\"mailto:poststelle@lda.bayern.de\">poststelle@lda.bayern.de<\/a>,\u00a0<a href=\"https:\/\/www.lda.bayern.de\/\">https:\/\/www.lda.bayern.de<\/a><\/p>\n<p>Aktualit\u00e4t und \u00e4nderung dieser Datenschutzerkl\u00e4rung<br \/>\nDiese Datenschutzerkl\u00e4rung ist aktuell g\u00fcltig und hat den Stand Mai 2018. Durch die Weiterentwicklung unserer Website und Angebote dar\u00fcber oder aufgrund ge\u00e4nderter gesetzlicher beziehungsweise beh\u00f6rdlicher Vorgaben kann es notwendig werden, diese Datenschutzerkl\u00e4rung zu \u00e4ndern.<\/p>\n","protected":false},"excerpt":{"rendered":"<p>Sehr geehrte Webseitenbesucher, wir m\u00f6chten Sie mit dieser Datenschutzerkl\u00e4rung in allgemeiner, transparenter und verst\u00e4ndlicher Form dar\u00fcber informieren, wie wir den Umgang mit Ihren personenbezogenen Daten in unserem Verein gem\u00e4\u00df der Datenschutz-Grundverordnung (kurz: DS-GVO) gew\u00e4hrleisten. In dieser Datenschutzerkl\u00e4rung erfahren Sie, welche Daten von uns erfasst werden, zu welchen Zwecken wir die Daten erfassen und was mit &hellip; <a href=\"http:\/\/fluechtlingshilfe-leidersbach.de\/?page_id=328\" class=\"more-link\"><span class=\"screen-reader-text\">\u201eDatenschutz\u201c<\/span> weiterlesen<\/a><\/p>\n","protected":false},"author":1,"featured_media":0,"parent":0,"menu_order":0,"comment_status":"closed","ping_status":"closed","template":"","meta":[],"_links":{"self":[{"href":"http:\/\/fluechtlingshilfe-leidersbach.de\/index.php?rest_route=\/wp\/v2\/pages\/328"}],"collection":[{"href":"http:\/\/fluechtlingshilfe-leidersbach.de\/index.php?rest_route=\/wp\/v2\/pages"}],"about":[{"href":"http:\/\/fluechtlingshilfe-leidersbach.de\/index.php?rest_route=\/wp\/v2\/types\/page"}],"author":[{"embeddable":true,"href":"http:\/\/fluechtlingshilfe-leidersbach.de\/index.php?rest_route=\/wp\/v2\/users\/1"}],"replies":[{"embeddable":true,"href":"http:\/\/fluechtlingshilfe-leidersbach.de\/index.php?rest_route=%2Fwp%2Fv2%2Fcomments&post=328"}],"version-history":[{"count":3,"href":"http:\/\/fluechtlingshilfe-leidersbach.de\/index.php?rest_route=\/wp\/v2\/pages\/328\/revisions"}],"predecessor-version":[{"id":336,"href":"http:\/\/fluechtlingshilfe-leidersbach.de\/index.php?rest_route=\/wp\/v2\/pages\/328\/revisions\/336"}],"wp:attachment":[{"href":"http:\/\/fluechtlingshilfe-leidersbach.de\/index.php?rest_route=%2Fwp%2Fv2%2Fmedia&parent=328"}],"curies":[{"name":"wp","href":"https:\/\/api.w.org\/{rel}","templated":true}]}}